2 (base 6) to base 3.
122100022
What is 121b (base 14) in base 8?
6131
-1032 (base 6) to base 5
-1421
Convert 904 (base 11) to base 15.
4cd
10000111 (base 3) to base 5
32300
122 (base 10) to base 7
233
Convert 110450 (base 7) to base 4.
10233233
Convert -142 (base 10) to base 13.
-ac
Convert -5124 (base 8) to base 5.
-41034
What is 40444 (base 7) in base 9?
14434
Convert 400 (base 8) to base 11.
213
-4013 (base 5) to base 4
-13330
201022 (base 3) to base 4
20021
Convert 43223 (base 5) to base 9.
4024
-1123300 (base 4) to base 10
-5872
What is -d3f8 (base 16) in base 3?
-2202102210
Convert 200 (base 10) to base 12.
148
-202 (base 13) to base 16
-154
Convert -221 (base 9) to base 3.
-20201
2c4a (base 14) to base 2
1111011100010
What is -3230 (base 6) in base 12?
-516
Convert -13908 (base 11) to base 16.
-4d13
Convert 158 (base 16) to base 2.
101011000
What is 11332 (base 8) in base 7?
20033
195d (base 15) to base 4
1111300
What is -4111 (base 11) in base 14?
-1dbb
What is -2056 (base 7) in base 15?
-337
Convert 11d (base 14) to base 9.
267
Convert -3806 (base 10) to base 16.
-ede
Convert -4ae7 (base 15) to base 12.
-92a7
What is -18388 (base 10) in base 9?
-27201
Convert a12 (base 14) to base 8.
3670
-c96 (base 14) to base 10
-2484
What is -346 (base 8) in base 15?
-105
Convert 1353 (base 15) to base 6.
31040
Convert -10430 (base 5) to base 10.
-740
Convert 3614 (base 7) to base 4.
110312
What is -21302 (base 6) in base 3?
-11000002
310 (base 16) to base 15
374
Convert -242 (base 16) to base 4.
-21002
-13330 (base 6) to base 10
-2070
Convert -303102 (base 4) to base 10.
-3282
What is -91f (base 16) in base 3?
-10012111
Convert 1001010 (base 3) to base 15.
359
-1352 (base 6) to base 12
-258
Convert 2222023 (base 4) to base 5.
322031
Convert 11c (base 15) to base 5.
2002
Convert 88 (base 10) to base 12.
74
What is -1000000110001 (base 2) in base 16?
-1031
1010110010 (base 2) to base 5
10230
Convert -1134 (base 7) to base 2.
-110100001
Convert 2b0e (base 16) to base 7.
44064
713 (base 10) to base 12
4b5
6766 (base 14) to base 7
103156
11773 (base 11) to base 7
100161
-12101 (base 4) to base 12
-295
-53a4 (base 12) to base 9
-13547
Convert -294 (base 11) to base 9.
-423
-1075 (base 11) to base 14
-72d
-202 (base 3) to base 10
-20
What is -7258 (base 12) in base 11?
-93a0
What is 22441 (base 6) in base 12?
1a21
-782 (base 12) to base 3
-1111222
What is 160 (base 16) in base 4?
11200
Convert -a8 (base 13) to base 16.
-8a
What is 436541 (base 7) in base 8?
225733
-4381 (base 11) to base 15
-1aa1
-23131330 (base 4) to base 6
-1001244
12590 (base 15) to base 4
32110023
What is 7641 (base 9) in base 10?
5626
Convert -1010000 (base 3) to base 8.
-1452
What is 10072 (base 10) in base 3?
111211001
What is -24212 (base 6) in base 15?
-10ab
Convert -4269 (base 10) to base 12.
-2579
-28177 (base 9) to base 10
-19105
430 (base 10) to base 5
3210
What is -3009 (base 10) in base 9?
-4113
Convert -25c8 (base 13) to base 6.
-41003
What is 9708 (base 10) in base 9?
14276
204 (base 16) to base 4
20010
-113353 (base 6) to base 13
-4647
What is -8ad4 (base 16) in base 14?
-cd48
211010 (base 3) to base 14
309
1131200 (base 4) to base 12
3568
Convert cba (base 13) to base 12.
1319
-9f02 (base 16) to base 12
-1b682
Convert 2251 (base 8) to base 11.
995
-aa0 (base 12) to base 11
-1199
544 (base 7) to base 5
2102
-2012 (base 3) to base 5
-214
14051 (base 8) to base 9
8432
-2580 (base 10) to base 4
-220110
Convert 26469 (base 11) to base 4.
21033003
4aa7a (base 11) to base 5
4320141
What is 1010111001111010 (base 2) in base 15?
d37b
Convert -136a6 (base 13) to base 4.
-20313032
Convert 9c24 (base 16) to base 14.
107d2
What is -111110001110001 (base 2) in base 7?
-161610
What is -501 (base 9) in base 2?
-110010110
What is 17a (base 13) in base 15?
130
Convert 6346 (base 8) to base 9.
4468
2757 (base 9) to base 13
c3a
What is cb (base 14) in base 13?
10a
What is -1011200 (base 3) in base 2?
-1101010111
Convert 3170 (base 8) to base 2.
11001111000
814 (base 9) to base 7
1633
What is 31102 (base 4) in base 5?
11400
142e (base 16) to base 8
12056
Convert -2a99 (base 16) to base 5.
-322110
-3348 (base 9) to base 16
-9aa
-791 (base 16) to base 15
-892
What is -30223 (base 5) in base 10?
-1938
Convert 213 (base 9) to base 16.
ae
What is 1001001101 (base 2) in base 11?
496
What is 237625 (base 8) in base 16?
13f95
Convert 110110110000 (base 2) to base 12.
2040
50 (base 13) to base 16
41
Convert -a040 (base 12) to base 11.
-12023
Convert 2650 (base 9) to base 7.
5541
4557 (base 9) to base 10
3373
Convert 120221 (base 4) to base 3.
2011102
Convert 1101010111 (base 2) to base 11.
708
Convert 95d5 (base 14) to base 7.
135255
-13812 (base 13) to base 11
-2548a
What is -23228 (base 11) in base 7?
-166543
Convert 7d6 (base 14) to base 2.
11000011000
What is -41 (base 13) in base 4?
-311
What is -11100001100011 (base 2) in base 9?
-21718
Convert -220201 (base 3) to base 13.
-3c4
Convert 95c (base 16) to base 8.
4534
Convert 111211 (base 3) to base 10.
373
269 (base 14) to base 6
2125
What is -304 (base 13) in base 8?
-777
267 (base 13) to base 2
110100111
Convert -1712 (base 11) to base 3.
-10000011
What is -42033 (base 5) in base 13?
-134c
616 (base 13) to base 9
1367
Convert 177 (base 10) to base 4.
2301
What is -14642 (base 12) in base 7?
-146162
Convert -120222 (base 4) to base 13.
-945
Convert 111010010000010 (base 2) to base 11.
20455
Convert -14527 (base 8) to base 3.
-22220021
What is 30400 (base 5) in base 6?
13051
4414 (base 5) to base 12
429
23440 (base 11) to base 16
840b
Convert -2ab (base 16) to base 2.
-1010101011
What is 550a (base 11) in base 13?
3403
What is 2077 (base 8) in base 2?
10000111111
What is 5395 (base 11) in base 4?
1233102
What is 120223 (base 6) in base 15?
3170
What is -210010122 (base 3) in base 5?
-443112
Convert -52115 (base 8) to base 5.
-1142311
What is -323301 (base 6) in base 14?
-9a17
Convert a24 (base 11) to base 3.
1200210
-eff (base 16) to base 6
-25435
1010111111001 (base 2) to base 12
3309
Convert 192 (base 11) to base 15.
ec
What is 125241 (base 6) in base 3?
120211121
What is 2033 (base 7) in base 5?
10320
Convert -5220 (base 7) to base 4.
-130203
What is 12133 (base 6) in base 15?
7e0
Convert 75605 (base 8) to base 2.
111101110000101
-300 (base 9) to base 3
-100000
Convert 871 (base 11) to base 15.
49b
What is 9030 (base 11) in base 10?
12012
Convert 111120200 (base 3) to base 16.
26ac
34 (base 6) to base 12
1a
What is 9a7 (base 11) in base 16?
4b6
2708 (base 10) to base 6
20312
-10111010000 (base 2) to base 13
-8a6
What is 4015 (base 11) in base 3?
21022210
What is -100000120 (base 3) in base 5?
-202301
What is d7d (base 14) in base 13?
1297
What is -1123333 (base 4) in base 8?
-13377
What is -206015 (base 8) in base 12?
-33865
Convert 2034 (base 5) to base 2.
100001101
Convert -1000010001 (base 2) to base 4.
-20101
Convert -52c (base 16) to base 14.
-6a8
What is -12035 (base 7) in base 8?
-6051
Convert 208 (base 9) to base 12.
122
11de (base 15) to base 11
2953
3024 (base 12) to base 3
21011001
22428 (base 9) to base 13
6a46
Convert -752 (base 8) to base 10.
-490
Convert -9b27 (base 12) to base 2.
-100001100001111
What is -303132 (base 5) in base 4?
-2121000
-6b (base 15) to base 6
-245
What is -3213141 (base 5) in base 3?
-2202022100
12121330 (base 4) to base 6
321244
What is -845 (base 10) in base 11?
-6a9
What is 13303 (base 4) in base 7?
1312
Convert -2455 (base 11) to base 3.
-11101202
-1100110 (base 2) to base 11
-93
What is 31055 (base 7) in base 11?
5777
Convert -141 (base 16) to base 2.
-101000001
Convert 1000010001 (base 2) to base 3.
201121
1330230 (base 4) to base 16
1f2c
What is 548 (base 11) in base 5?
10112
What is -10476 (base 9) in base 3?
-100112120
Convert -93a (base 14) to base 2.
-11100011000
What is -4454 (base 12) in base 8?
-16600
What is 4b (base 12) in base 14?
43
What is 1120400 (base 5) in base 8?
47204
Convert 518d (base 14) to base 3.
201021001
Convert 1320110 (base 4) to base 12.
4558
Convert 1604 (base 10) to base 14.
828
What is -688 (base 14) in base 7?
-3531
Convert 193 (base 16) to base 8.
623
What is 1b (base 14) in base 15?
1a
What is 15431 (base 10) in base 2?
11110001000111
1110 (base 7) to base 5
